ighest common factor of 33397 and 112?
7
What is the greatest common divisor of 14991 and 3097?
19
Calculate the greatest common factor of 211836 and 44958.
762
What is the highest common divisor of 406 and 248356?
58
Calculate the highest common factor of 410 and 653335.
205
Calculate the highest common factor of 958303 and 589.
589
Calculate the greatest common factor of 575 and 21965.
115
Calculate the greatest common divisor of 295852 and 296.
148
What is the greatest common factor of 1148 and 3034?
82
Calculate the highest common factor of 23485 and 7210.
35
What is the greatest common divisor of 2041613 and 742?
371
What is the greatest common factor of 615 and 1315?
5
What is the highest common divisor of 20 and 101630?
10
What is the highest common divisor of 27104 and 1120?
224
What is the greatest common factor of 11883 and 15963?
51
What is the highest common factor of 24 and 1096764?
12
Calculate the greatest common divisor of 3922 and 6142.
74
What is the greatest common factor of 123361 and 35?
7
What is the greatest common factor of 1340 and 63040?
20
Calculate the greatest common divisor of 1334466 and 16422.
714
Calculate the highest common factor of 126403 and 82.
41
Calculate the greatest common factor of 18551 and 3159.
13
What is the greatest common factor of 37440 and 2652?
156
Calculate the highest common divisor of 383 and 10724383.
383
Calculate the highest common factor of 302 and 1286822.
302
Calculate the greatest common divisor of 28897 and 3377.
11
Calculate the highest common divisor of 3804 and 1158.
6
What is the greatest common factor of 6 and 389094?
6
What is the highest common factor of 27970 and 50?
10
What is the greatest common divisor of 265 and 2155?
5
Calculate the highest common divisor of 1028 and 700.
4
What is the greatest common factor of 31851 and 1?
1
What is the greatest common factor of 711393 and 1245?
249
Calculate the highest common factor of 18192 and 1776.
48
What is the greatest common factor of 249 and 1983?
3
What is the highest common factor of 47742 and 327?
327
Calculate the highest common divisor of 5103 and 721.
7
What is the highest common divisor of 112 and 85616?
16
What is the greatest common divisor of 270 and 1412790?
30
Calculate the highest common factor of 912 and 5232.
48
What is the greatest common divisor of 198704 and 1760?
176
What is the highest common divisor of 35333 and 623?
89
What is the greatest common factor of 1265044 and 352?
44
Calculate the highest common divisor of 307370 and 70.
70
What is the highest common factor of 259 and 1421?
7
Calculate the highest common factor of 8425 and 155.
5
Calculate the highest common factor of 440 and 35761.
11
Calculate the highest common factor of 168595 and 70.
35
What is the highest common factor of 11232 and 222048?
864
Calculate the greatest common factor of 1615 and 1614677.
323
What is the greatest common divisor of 109782 and 6156?
1026
What is the highest common divisor of 27976 and 24?
8
What is the highest common divisor of 832 and 1860032?
64
What is the greatest common factor of 3171 and 32163?
453
Calculate the greatest common divisor of 32 and 32.
32
Calculate the greatest common factor of 128619 and 279.
279
What is the highest common factor of 392 and 21609?
49
Calculate the highest common divisor of 10064 and 2664.
296
What is the highest common divisor of 177016 and 196?
28
Calculate the highest common factor of 2 and 47338.
2
What is the greatest common divisor of 9303 and 7531?
443
Calculate the highest common divisor of 30990 and 20.
10
Calculate the greatest common divisor of 294 and 1428693.
147
What is the greatest common factor of 9475 and 3175?
25
What is the highest common factor of 44 and 343222?
22
Calculate the highest common factor of 2 and 1356.
2
Calculate the greatest common factor of 43 and 671875.
43
What is the greatest common factor of 3763 and 1484?
53
Calculate the greatest common factor of 33027 and 8787.
303
Calculate the highest common factor of 591658 and 638.
58
What is the highest common factor of 73948 and 2128?
532
Calculate the greatest common divisor of 5136195 and 45.
15
Calculate the highest common factor of 89291 and 116.
29
What is the highest common divisor of 10792 and 23572?
284
Calculate the greatest common factor of 34020 and 23436.
756
Calculate the greatest common factor of 3611 and 1727.
157
Calculate the greatest common divisor of 38 and 28481.
19
What is the highest common divisor of 13764 and 310?
62
Calculate the greatest common factor of 7 and 371847.
7
Calculate the highest common factor of 182 and 84406.
14
What is the highest common factor of 2132 and 1014422?
82
What is the greatest common divisor of 233 and 4610837?
233
What is the highest common divisor of 61366 and 4?
2
Calculate the highest common factor of 76856 and 4888.
104
Calculate the highest common divisor of 148773 and 303.
303
Calculate the greatest common divisor of 742 and 23532.
106
Calculate the greatest common factor of 204 and 5202.
102
Calculate the greatest common factor of 956 and 153438.
478
Calculate the highest common divisor of 20218 and 8987.
11
What is the greatest common factor of 1095 and 255?
15
Calculate the highest common divisor of 9512 and 5800.
232
What is the greatest common divisor of 70629 and 39?
39
What is the highest common divisor of 18779 and 2848?
89
What is the highest common divisor of 448 and 25408?
64
What is the greatest common divisor of 138237 and 99?
33
What is the greatest common divisor of 268338 and 70?
14
Calculate the highest common divisor of 4977 and 559083.
1659
What is the highest common factor of 155 and 21979?
31
What is the greatest common factor of 328672 and 448?
32
Calculate the greatest common divisor of 2299 and 22.
11
What is the greatest common divisor of 4495 and 4185?
155
Calculate the greatest common divisor of 2546719 and 119.
119
Calculate the greatest common factor of 1188 and 82566.
594
Calculate the greatest common factor of 4896771 and 66.
33
Calculate the highest common divisor of 63 and 15106.
7
What is the greatest common factor of 8183 and 78743?
49
What is the highest common divisor of 37224 and 9964?
188
Calculate the greatest common divisor of 15742 and 18156.
34
Calculate the highest common divisor of 7172 and 176.
44
What is the highest common divisor of 323 and 57171?
323
What is the greatest common factor of 1727 and 62329?
157
What is the greatest common divisor of 876 and 37741?
73
Calculate the greatest common divisor of 1432548 and 234.
234
Calculate the highest common divisor of 30 and 85245.
15
What is the highest common factor of 375 and 12?
3
Calculate the greatest common factor of 94080 and 2.
2
What is the greatest common factor of 3484 and 416?
52
What is the greatest common divisor of 885 and 13983?
177
What is the greatest common factor of 342247 and 1121?
19
What is the highest common factor of 10498 and 28417?
181
Calculate the greatest common factor of 1776 and 287934.
222
What is the greatest common divisor of 317544 and 303?
303
Calculate the highest common divisor of 2280 and 160360.
760
Calculate the highest common factor of 3400 and 77560.
40
What is the greatest common factor of 3280 and 9465?
5
Calculate the highest common factor of 47311 and 161.
23
Calculate the greatest common divisor of 2921 and 276.
23
Calculate the highest common divisor of 30 and 8499690.
30
What is the greatest common factor of 357 and 17731?
119
Calculate the highest common divisor of 1089 and 6413.
121
Calculate the greatest common divisor of 11 and 1879691.
11
What is the greatest common factor of 698044 and 632?
316
What is the highest common divisor of 4756 and 101516?
164
Calculate the greatest common factor of 70750 and 500.
250
What is the greatest common divisor of 22672 and 912?
16
What is the highest common divisor of 1393 and 19252653?
1393
Calculate the greatest common factor of 525 and 1095087.
21
Calculate the greatest common factor of 73879 and 182.
13
Calculate the greatest common divisor of 21090 and 2035.
185
What is the greatest common divisor of 455850 and 150?
150
What is the highest common factor of 13 and 26039?
13
What is the greatest common divisor of 5676 and 5203?
473
What is th